a composite number?
False
Is 49186981789 a composite number?
True
Is 1967764261 a prime number?
True
Is 12137165321 composite?
True
Is 23670920407 composite?
False
Is 1708912798 a prime number?
False
Is 627630719 a composite number?
False
Is 15818524999 prime?
True
Is 1082727353 composite?
False
Is 985328371 a prime number?
True
Is 423480427 prime?
False
Is 4991974109 composite?
False
Is 1577772991 a composite number?
True
Is 188178128893 a prime number?
False
Is 39802603787 prime?
True
Is 1204857034 a prime number?
False
Is 26193452899 composite?
True
Is 24038664079 a prime number?
False
Is 22700996819 composite?
False
Is 282921397 composite?
True
Is 3547754449 a prime number?
False
Is 3012137417 prime?
False
Is 59888962993 a composite number?
True
Is 2037679709 composite?
True
Is 9834343127 composite?
True
Is 25427341627 a prime number?
False
Is 3665134357 a composite number?
True
Is 530955533 a composite number?
False
Is 4069218793 a composite number?
False
Is 1781885333 a prime number?
True
Is 51004027847 a composite number?
False
Is 3426551473 composite?
False
Is 16972007021 a prime number?
True
Is 297567331 prime?
True
Is 83245117 prime?
False
Is 69381288337 prime?
True
Is 36586387 a composite number?
True
Is 10905924713 a prime number?
False
Is 102144781 a prime number?
False
Is 133220249 composite?
False
Is 4877445383 a prime number?
True
Is 15553203869 prime?
False
Is 1003957159 composite?
True
Is 154921811609 prime?
True
Is 49861761751 prime?
True
Is 42556553 prime?
False
Is 170948012983 a prime number?
False
Is 6447669211 prime?
False
Is 610420673 composite?
False
Is 270788534743 a composite number?
True
Is 6399710501 a prime number?
True
Is 28800430987 prime?
True
Is 549387037 prime?
False
Is 781775791 prime?
True
Is 142774609227 prime?
False
Is 9639115979 a composite number?
True
Is 101190013313 a composite number?
True
Is 527953117 composite?
False
Is 27894791911 a composite number?
True
Is 2495222441 prime?
False
Is 11083424519 a prime number?
False
Is 15610118507 a prime number?
False
Is 13184961701 a prime number?
False
Is 109659063463 a prime number?
True
Is 4380393671 a prime number?
True
Is 1852036753 a prime number?
False
Is 26717022779 prime?
True
Is 60930690321 prime?
False
Is 18633101 prime?
True
Is 78854602403 composite?
False
Is 407236211 composite?
False
Is 143937961 composite?
True
Is 2755966799 composite?
False
Is 3873574742 prime?
False
Is 142806409469 prime?
True
Is 25289260819 prime?
True
Is 1604884007 a prime number?
True
Is 7510993487 composite?
True
Is 1961981431 composite?
False
Is 1802809857 a composite number?
True
Is 43655678503 composite?
False
Is 2714062763 composite?
False
Is 37399889039 composite?
False
Is 5578966441 a composite number?
False
Is 1219518761 composite?
True
Is 1671916601 a composite number?
False
Is 1356639131 a composite number?
False
Is 379009123 a composite number?
False
Is 10839672467 a composite number?
True
Is 6891365611 a prime number?
False
Is 37389373481 a composite number?
True
Is 133525126831 composite?
True
Is 4601421131 a composite number?
False
Is 17639246893 a composite number?
True
Is 12879071081 a prime number?
True
Is 37428407993 composite?
True
Is 178664891 composite?
True
Is 21360400991 prime?
False
Is 34714474373 composite?
True
Is 86851477781 a composite number?
True
Is 40503099883 a prime number?
True
Is 100961452622 composite?
True
Is 572598613 composite?
True
Is 690039599 prime?
True
Is 48199331 a composite number?
True
Is 249975217 a prime number?
False
Is 1329201127 prime?
False
Is 4966714091 prime?
False
Is 3647314523 composite?
False
Is 1661499503 a composite number?
True
Is 8249702819 prime?
False
Is 9191791151 a prime number?
False
Is 88869107113 prime?
False
Is 7989128089 a prime number?
True
Is 6838077529 a prime number?
False
Is 3819885653 composite?
False
Is 1815833293 composite?
False
Is 1712950133 a prime number?
True
Is 2834687131 prime?
False
Is 9422606791 composite?
True
Is 83272284077 prime?
True
Is 67672063903 a prime number?
True
Is 1648952171 prime?
False
Is 7838501101 composite?
False
Is 249880427 composite?
False
Is 3432442417 prime?
True
Is 411104117 composite?
False
Is 69981820681 prime?
True
Is 3767898713 composite?
False
Is 204568901 a composite number?
False
Is 331404207 composite?
True
Is 902423783 a prime number?
True
Is 2987760385 a composite number?
True
Is 29001391189 a prime number?
False
Is 1497845309 prime?
True
Is 3457439149 composite?
True
Is 16518913 prime?
True
Is 1319345569 prime?
False
Is 12581707199 prime?
True
Is 1725507689 composite?
False
Is 110065331 a composite number?
True
Is 831812593 a prime number?
True
Is 66293745563 composite?
True
Is 142094735539 a prime number?
False
Is 68031933499 a composite number?
False
Is 73301743 a prime number?
True
Is 132179680462 a prime number?
False
Is 76815077 composite?
False
Is 10725103333 a composite number?
True
Is 10578535081 composite?
True
Is 11813858543 composite?
True
Is 15568251203 composite?
True
Is 203823379 a prime number?
True
Is 20186567678 composite?
True
Is 7750607941 a prime number?
False
Is 138108437 prime?
True
Is 9048867127 a prime number?
True
Is 54868646039 prime?
False
Is 168742213 prime?
False
Is 12274922119 prime?
False
Is 4454206583 a prime number?
True
Is 314415407 prime?
False
Is 8310207383 a composite number?
False
Is 773868581 a prime number?
False
Is 25321057521 prime?
False
Is 360635879 prime?
True
Is 45239512511 a composite number?
True
Is 789535919 a composite number?
True
Is 2412691786 a composite number?
True
Is 1686859205 composite?
True
Is 34921089191 prime?
False
Is 1095253583 a composite number?
True
Is 7090782267 a prime number?
False
Is 3065715137 a composite number?
False
Is 47119564891 composite?
True
Is 14677127653 composite?
False
Is 69279718477 a composite number?
False
Is 17487540033 composite?
True
Is 13392462931 a composite number?
True
Is 164051179 prime?
True
Is 4435865789 a prime number?
False
Is 1826689649 a composite number?
False
Is 137268616921 a composite number?
False
Is 880035185 prime?
False
Is 49101460267 a composite number?
True
Is 548735989 a composite number?
True
Is 1128148783 a composite number?
True
Is 4672815599 composite?
False
Is 5983962143 composite?
False
Is 1331607131 prime?
True
Is 16695707891 composite?
False
Is 9237190003 a composite number?
True
Is 9956637863 a composite number?
False
Is 84401835463 a composite number?
True
Is 2431356749 a prime number?
False
Is 68715053243 a prime number?
True
Is 521421911 a composite number?
True
Is 50089493 prime?
True
Is 28697757181 a prime number?
False
Is 25252869683 a composite number?
True
Is 591062981 composite?
False
Is 27743856397 composite?
False
Is 24141152057 a composite number?
True
Is 5454027229 a prime number?
False
Is 2508774689 composite?
False
Is 24786436141 a composite number?
False
Is 4609121027 prime?
False
Is 15392165941 a prime number?
True
Is 23191545617 composite?
False
Is 871218899 a prime number?
False
Is 18977411093 composite?
False
Is 1079576629 a prime number?
False
Is 46635068791 a composite number?
False
Is 108654971879 prime?
False
Is 28040164501 a prime number?
False
Is 1408844963 composite?
True
Is 1025055949 a composite number?
False
Is 1397234959 prime?
False
Is 3506325751 composite?
False
Is 5543449463 composite?
True
Is 11098053437 a prime number?
False
Is 135936375163 a composite number?
True
Is 12643476341 composite?
False
Is 1316445398 composite?
True
Is 61223131771 a composite number?
False
Is 423162583 composite?
False
Is 13522455619 a composite number?
True
Is 1671983957 composite?
True
Is 51585243953 prime?
True
Is 2478437977 prime?
True
Is 12695778847 prime?
True
Is 65303731 a prime number?
True
Is 6629591258 a composite number?
True
Is 3198092473 a prime number?
False
Is 2960297323 composite?
False
Is 7168715689 composite?
True
Is 4827811477 a composite number?
False
Is 108217310437 a composite number?
True
Is 1508533387 a composite number?
True
Is 351257251 composite?
True
Is 42504794071 composite?
False
Is 37574350819 a prime number?
True
Is 424027403 a prime number?
True
Is 894970499 a composite number?
False
Is 35823967 a composite number?
False
Is 397150757 prime?
False
Is 2485157083 composite?
True
Is 71698711